at is 218 - 4a?
179
In base 16, what is 3 + -1271?
-126e
In base 12, what is 7 + 165?
170
In base 4, what is 101 - -211?
312
In base 6, what is -4 - -4540?
4532
In base 5, what is 443033 + -3?
443030
In base 13, what is -20 - -52?
32
In base 13, what is -7 + 57?
50
In base 6, what is 2102 - -2?
2104
In base 7, what is 154 - 0?
154
In base 6, what is 3 + 222?
225
In base 6, what is -31 - -205?
134
In base 12, what is 138 - 3?
135
In base 13, what is 146 - 14?
132
In base 9, what is -43741 - 5?
-43746
In base 13, what is 3 - -24?
27
In base 3, what is 1100 - -12?
1112
In base 2, what is -11110 + -1011111?
-1111101
In base 14, what is -81a + 0?
-81a
In base 16, what is -823 - -5?
-81e
In base 7, what is 4 - 2124?
-2120
In base 5, what is 1 - -21?
22
In base 12, what is -5 - -146?
141
In base 10, what is -15 - 7?
-22
In base 7, what is 11 + 1?
12
In base 3, what is -12 - -2221?
2202
In base 4, what is -100 + 1310?
1210
In base 11, what is 8 + 41?
49
In base 15, what is 5 + -23?
-1d
In base 5, what is -11 + 22324?
22313
In base 4, what is -100 + 0?
-100
In base 7, what is -5 + -16106?
-16114
In base 16, what is -a + 4a?
40
In base 13, what is -5 - a3?
-a8
In base 3, what is -21 - -222?
201
In base 8, what is 7 - 5?
2
In base 15, what is -17 - 15?
-2c
In base 11, what is 1369 - -3?
1371
In base 4, what is -1023 + -2202?
-3231
In base 8, what is 771 - -1?
772
In base 7, what is -62 - 1?
-63
In base 2, what is -1011101 - 100111?
-10000100
In base 10, what is 3 + 58?
61
In base 2, what is 111111010101 + 1?
111111010110
In base 6, what is 4 + 434?
442
In base 8, what is -1 - -73?
72
In base 9, what is 8 - 35?
-26
In base 13, what is -1b5 + -4?
-1b9
In base 12, what is -3 - -40?
39
In base 10, what is 157 - 75?
82
In base 2, what is -101 + -101001000?
-101001101
In base 13, what is 5 - 135?
-130
In base 8, what is -42 + -3?
-45
In base 15, what is 4 - ab?
-a7
In base 5, what is 23141 - -10?
23201
In base 11, what is 2 + 21?
23
In base 5, what is 220 - 130?
40
In base 10, what is 3861 + -4?
3857
In base 16, what is 1ac - 0?
1ac
In base 9, what is 63 - 120?
-46
In base 12, what is 264 - -1?
265
In base 2, what is -10101001 + 100?
-10100101
In base 5, what is -14204 + 4?
-14200
In base 12, what is -10 - -a?
-2
In base 2, what is -10111100011 + 1?
-10111100010
In base 10, what is 201 + -5?
196
In base 8, what is -5551 + -10?
-5561
In base 16, what is -1d0d + -5?
-1d12
In base 9, what is 3 + -70?
-66
In base 2, what is -1000 - 10011001?
-10100001
In base 2, what is 11 + -110110?
-110011
In base 6, what is 234 - -22?
300
In base 5, what is 0 - -2023?
2023
In base 10, what is 25 - -5?
30
In base 14, what is 8 - -2d?
37
In base 12, what is 16a1 - 3?
169a
In base 16, what is d6 + -2?
d4
In base 8, what is 2310 + -5?
2303
In base 3, what is -101 + -10111210?
-10112011
In base 5, what is 20202 + -2?
20200
In base 3, what is 2220 - 101?
2112
In base 6, what is 1 + 431?
432
In base 15, what is -88a + 3?
-887
In base 3, what is 10 + 1121212?
1121222
In base 2, what is 100 + 1111?
10011
In base 6, what is 13 + -20?
-3
In base 7, what is -10 + -156?
-166
In base 13, what is -2 - 181?
-183
In base 9, what is -15 - -178?
163
In base 2, what is 10 + 100?
110
In base 5, what is -1 - 132?
-133
In base 14, what is 4 - 199?
-195
In base 3, what is 10122212 + 2?
10122221
In base 15, what is -4 + 74?
70
In base 7, what is -321 - 0?
-321
In base 2, what is -1000111 - 10?
-1001001
In base 10, what is -1 + 3498?
3497
In base 7, what is 2263 + -13?
2250
In base 6, what is -1141 + -20?
-1201
In base 4, what is 1002 - -21?
1023
In base 3, what is -101022200 + -2?
-101022202
In base 16, what is -9 + 4?
-5
In base 9, what is -2 + 212?
210
In base 9, what is 30 - -2?
32
In base 9, what is 10301 + -3?
10287
In base 14, what is 1 + -2830?
-282d
In base 5, what is -3 + 220?
212
In base 7, what is 3 + -5104?
-5101
In base 13, what is -4 + -b?
-12
In base 3, what is 0 - -211222?
211222
In base 9, what is 1 + 43?
44
In base 7, what is 26 + 46?
105
In base 6, what is 4501 + 4?
4505
In base 11, what is -2 - -40?
39
In base 8, what is -2 - -140?
136
In base 16, what is -a + -a?
-14
In base 12, what is -9 + 8?
-1
In base 5, what is 1 + 131?
132
In base 8, what is -65 + 0?
-65
In base 5, what is -221432 + -4?
-221441
In base 11, what is 489 + -8?
481
In base 2, what is 100 - -1?
101
In base 12, what is -7 - 277?
-282
In base 3, what is 21 - 22201?
-22110
In base 8, what is -3 + 34?
31
In base 2, what is 11001 - -111?
100000
In base 10, what is 5 + -925?
-920
In base 16, what is 113 + 4?
117
In base 11, what is -12 + 179?
167
In base 15, what is -2d - 19?
-47
In base 6, what is 11 - -103?
114
In base 2, what is 1001 - 111?
10
In base 16, what is -55 - -1b?
-3a
In base 4, what is 12 - -133?
211
In base 9, what is 0 + 285?
285
In base 11, what is -559 + -2?
-560
In base 9, what is -126 + 6?
-120
In base 14, what is -6 + 22?
1a
In base 4, what is 0 - -112212?
112212
In base 3, what is 20211 - -10?
20221
In base 8, what is -4 - 4624?
-4630
In base 11, what is -5 + -44?
-49
In base 7, what is 3215 - 3?
3212
In base 6, what is -10 + -225?
-235
In base 4, what is -1 + 3012?
3011
In base 9, what is -3 - -5?
2
In base 13, what is 236 + -4?
232
In base 13, what is 33 - -7?
3a
In base 9, what is -38 - -20?
-18
In base 16, what is 48a - -4?
48e
In base 13, what is 5 + -2?
3
In base 13, what is 2 - 172?
-170
In base 14, what is -dd6 + 11?
-dc5
In base 13, what is -10018 + -3?
-1001b
In base 15, what is -5 - 60?
-65
In base 7, what is 4 - -14321?
14325
In base 8, what is -100 + -24?
-124
In base 4, what is 22 + 1022?
1110
In base 15, what is -8 + 4?
-4
In base 14, what is 0 + -343?
-343
In base 5, what is -1204 - -114?
-1040
In base 12, what is -9 + 34?
27
In base 15, what is 1 + 12?
13
In base 13, what is 4 + 131?
135
In base 13, what is 117b - 5?
1176
In base 11, what is 2 - 361?
-35a
In base 5, what is -123 - -1313?
1140
In base 6, what is -13104 + 3?
-13101
In base 2, what is -10111 - 1000?
-11111
In base 5, what is -10 + 1032?
1022
In base 11, what is 38 - -69?
a6
In base 13, what is -26 + -7?
-30
In base 10, what is 362 - -3?
365
In base 11, what is 148 + -1?
147
In base 8, what is -1757 - 25?
-2004
In base 16, what is -83 - 3?
-86
In base 3, what is 111 - 10101?
-2220
In base 13, what is 11 - -6b?
7c
In base 15, what is -35 + -57?
-8c
In base 15, what is -118 + d?
-10a
In base 8, what is 5 + -60?
-53
In base 4, what is -111 - -3?
-102
In base 3, what is 2 - -1012?
1021
In base 16, what is -5 - -92?
8d
In base 5, what is -10 + 324?
314
In base 5, what is 110 - 20?
40
In base 10, what is 2 - -5648?
5650
In base 4, what is 1 + 112230?
112231
In base 15, what is 1 - -23?
24
In base 13, what is -8 + 4?
-4
In base 3, what is 1102010 + -110?
1101200
In base 15, what is ba - 4?
b6
In base 3, what is 110 + 221101?
221211
In base 7, what is 24 - 100?
-43
In base 15, what is 9815 - 5?
9810
In base 7, what is -263 - -1?
-262
In base 4, what is -232 - 1011?
-1303
In base 7, what is 545 - 3?
542
In base 2, what is -1011 - 10000?
-11011
In base 8, what is 6 - 7?
-1
In base 8, what is -26031 + 4?
-26025
In base 12, what is 3 - 23?
-20
In base 15, what is d6 - -1?
d7
In base 8, what is -13 - -113?
100
In base 11, what is -4 + 216?
212
In base 8, what is 12 - 75?
-63
In base 12, what is -6 + -2?
-8
In base 8, what is 2 - -137?
141
In base 16, what is -4 - b2f?
-b33
In base 4, what is 10 + -31013?
-31003
In base 4, what is -332211 + -11?
-332222
In base 15, what is -b + -5?
-11
In base 8, what is -51 + 30?
-21
In base 3, what is 1 + -22021122?
-22021121
In base 11, what is -5 - -11?
7
In base 14, what is -3 + -10?
-13
In base 12, what is 1892 - 1?
1891
In base 8, what is 455 + 4?
461
In base 13, what is 1a - -13?
30
In base 8, what is -3 + 1127?
1124
In base 16, what is -3 + -60?
-63
In base 16, what is -4 + c?
8
In base 2, what is -10000010101 - 100?
-10000011001
In base 3, what is 12 + -1222021?
-1222002
In base 3, what is 12221 + -2?
12212
In base 16, what is 67 + 9?
70
In base 5, what is 4 - -10442?
11001
In base 16, what is 41 + 0?
41
In base 4, what is -21 + 20?
-1
In base 12, what is -261 - -5?
-258
In base 5, what is 2 - -4231?
4233
In base 11, what is 67 - 4?
63
In base 7, what is -12534 - 0?
-12534
In base 12,